be 2/(n/(-1 + 4)). Let r be (-1)/(((-26)/195)/((-8)/(-10))). What is the greatest common divisor of r and k?
6
Suppose -5*p - 82*q + 2204 = -76*q, -4*q + 466 = p. What is the greatest common factor of 2623 and p?
43
Let k(l) = 12*l**2 - 18*l - 2. Let q be k(2). What is the highest common divisor of q and 9490?
10
Let x = 8986 - 8886. Calculate the highest common divisor of 1210 and x.
10
Let w be (1 + -2)*3 + 1305. Let h be (0 + (-84)/16)/(177/(-1416)). Calculate the highest common divisor of w and h.
42
Suppose 2*m - 24 = 2*h, 0*h = 3*h. Suppose m*k - 17*k = -15. Suppose 0 = 2*x - 5*u - 18, 4*u + 16 = k*x - 25. What is the highest common divisor of 38 and x?
19
Suppose -1325 = -45*j + 1510. Calculate the highest common divisor of j and 728.
7
Suppose -10*y = 1106 + 1824. Let k = 296 + y. What is the highest common divisor of 24 and k?
3
Suppose -6*z = 534 - 1878. Suppose 0 = -57*j + 41*j + z. Calculate the highest common factor of 126 and j.
14
Let i be (4 - 55/5)*-1. Let u = 31 - 28. Let b be (u/9)/((-1)/(-21)). What is the greatest common divisor of b and i?
7
Suppose 91*g + 7*g - 339357 = 454443. Calculate the highest common factor of g and 600.
300
Let o be (232/(-30))/(612/(-582930)). What is the greatest common divisor of o and 290?
58
Suppose 8 = -4*d + 5*w, -5*w + 0*w + 6 = -3*d. Let x be 19 + (-8 - d) + 2 + -1. Calculate the highest common divisor of 21 and x.
7
Suppose 6*u + 90 = 4*u. Let p be -62*(u/6 - 7). What is the greatest common factor of 31 and p?
31
Suppose -4*a + 164 - 20 = 0. Let r(z) = -z**2 - 46*z - 21. Let q be r(-21). Calculate the highest common divisor of q and a.
36
Suppose -2*o - 46 = 8*p - 11*p, 5*p = 5*o + 75. Suppose -5*b + 240 = -4*h - 388, 2*b + 3*h - 265 = 0. What is the highest common factor of b and p?
16
Let u(y) = 14*y**2 - 372*y + 1846. Let o be u(5). Let w(k) = 47*k**3 + 3*k**2 - 2*k. Let l be w(1). Calculate the highest common factor of o and l.
48
Let s(p) = p**3 + 14*p**2 - 14*p + 27. Let x(q) = q**2 + 12*q - 4. Let g be x(-11). Let v be s(g). Calculate the greatest common factor of v and 48.
12
Let d = 244 + -326. Let k = -70 - d. What is the highest common divisor of 3 and k?
3
Suppose -3*w + 243 = -5*n, -2*n + 7*n + 2*w = -238. Let x be (13*2)/((-32)/n). Suppose 0 = -5*h - 82 + 212. What is the greatest common divisor of x and h?
13
Suppose 20*s - 40 = 15*s. Suppose -216 = -s*o - 10*o. What is the highest common factor of 84 and o?
12
Let c be (15/(-3) - -5) + -7. Let n be (2 - (c + 4))*(0 - -1). Let a be (5/n - 5) + 19. What is the highest common factor of a and 10?
5
Suppose -4*i - 15352 = -60*i - 45*i. Let r(b) = -b**2 - 8*b + 3. Let g be r(-4). Calculate the greatest common divisor of g and i.
19
Let w(z) = -28*z**2 - 849*z + 20. Let x be w(-28). Calculate the highest common factor of x and 10.
10
Suppose -5*t = -2*x + 2230, -x + 66*t = 63*t - 1117. Calculate the highest common divisor of x and 65.
65
Let a(i) = -44*i - 11. Let l be a(-2). Let y = l - 73. Suppose -f + 210 = 4*h, -3*h - y*f + 127 = -37. Calculate the highest common factor of 26 and h.
26
Let d = 111 - 98. Suppose 4*i - 58 = -6. Calculate the highest common factor of i and d.
13
Let t(z) = z**3 - 9*z**2 - 25*z + 273. Let f be t(9). Calculate the highest common factor of f and 544.
16
Suppose 9*f - 1260 = -33*f. Suppose 1 + 0 = -z. Let g be 0 + -6*(-14 + z). What is the highest common divisor of g and f?
30
Let d be ((-1014)/(-65) + -15)/(3/270). Calculate the highest common divisor of 32454 and d.
54
Let s be (-4)/(-18) + (-43)/(-9). Suppose 33 = s*b + h, -5*h - 8 + 23 = 0. Let u be ((2499/476)/(6/12))/(2/8). What is the highest common divisor of b and u?
6
Suppose -3*n - 10629 + 17505 = 0. What is the highest common divisor of 24 and n?
12
Let u be 16 + (-1)/((-3)/(-3))*4. Let q(t) = t**2 + t - 152. Let j be q(u). Calculate the greatest common factor of j and 116.
4
Suppose -4 = -4*s, 0*i + 6595 = i - s. Calculate the highest common divisor of i and 85.
17
Let m be (1/(-1)*2)/(-1). Suppose 3*u - 5*j + 4 = 0, j = m*u - j + 4. Let l be 84 + 5 + u - -4. What is the highest common divisor of l and 54?
18
Let t(j) = 1337*j - 9375. Let z be t(42). Calculate the highest common divisor of 93 and z.
93
Let y = -75 + 54. Let c be (225/15 - 12)/((-1)/11). Let m = y - c. What is the highest common factor of 60 and m?
12
Suppose 0 = -5*u - 2*d + 16, -5*u - 4*d = -9 - 13. Suppose -u*o + 192 = 2*o - 2*l, -242 = -5*o + 3*l. What is the highest common divisor of o and 46?
46
Let m(c) = -93 - 6*c + c**2 + 204 - 97. Let t be m(4). What is the greatest common divisor of 8 and t?
2
Let w(r) = 8 + 4 - 6*r**2 + 26*r + 13*r**2 - 9*r**2. Let c be w(11). Calculate the highest common factor of c and 84.
28
Let j = 11566 - 11006. What is the highest common factor of j and 440?
40
Suppose -2*l = -8033 + 6479. Calculate the greatest common divisor of 147 and l.
21
Let u(l) = -11*l - 66. Let a be u(-7). Suppose a*b + 4*b = 450. Calculate the highest common divisor of 78 and b.
6
Suppose -18878 - 46066 = -99*h. Calculate the highest common divisor of 32 and h.
16
Let d(k) = -k**2 - 6*k + 20. Let w be d(-6). Suppose -x + 5*p + 0 - 3 = 0, 0 = -4*x + 4*p + w. What is the greatest common factor of x and 441?
7
Let f be (-164)/(-9) - (-334)/(-1503). Calculate the greatest common factor of 1467 and f.
9
Suppose -2*k + 9 = 1. Let t be ((-1)/4)/(-1) + (-2)/8. Let v be k + t - (-115)/(0 - -5). What is the greatest common divisor of v and 45?
9
Suppose 112*i - 10*i = 171768. What is the highest common factor of 28 and i?
4
Let f(h) = -h**3 + 6*h - 2. Let b be f(-5). Let s = -21 + b. Suppose 5*c = 43 + s. Calculate the highest common divisor of 92 and c.
23
Suppose 19 = 13*k - 7. Suppose -4*i - 10 + 30 = 0. Suppose k*o + 115 = i*p + 4*o, 2*p - 46 = 5*o. Calculate the greatest common divisor of 46 and p.
23
Let u(d) = -4*d + 160. Let m be u(37). Suppose -m*a + 1824 = 12*a. Calculate the greatest common divisor of 38 and a.
38
Suppose -149*p + 9 = -146*p. Suppose p*h + 42 = 2*r + 27, 0 = -4*r - 4*h. Let k = 2 + 7. What is the greatest common factor of k and r?
3
Let y(v) = 12*v + 650. Let h be y(-50). Calculate the highest common factor of h and 28.
2
Let w = -2491 + 2495. Calculate the highest common divisor of 109 and w.
1
Let g(z) = -z**2 + 4. Let d be g(-2). Suppose -3*x + 2*x - 451 = d. Let h = 696 + x. Calculate the highest common divisor of 35 and h.
35
Let h = 74 - -62. Suppose -95*n - h = -99*n. What is the highest common factor of 170 and n?
34
Let x(m) = 323*m + 2280. Let q be x(-7). What is the highest common divisor of q and 627?
19
Suppose -9*w + 140 = -2*w. Suppose -6*s = 171 + 465. Let r = 146 + s. What is the greatest common divisor of r and w?
20
Suppose -128*i + 4317 + 7039 = -4260. What is the greatest common factor of 9333 and i?
61
Let t be 5/(2*(-3)/42 + 55/110). What is the greatest common factor of t and 14?
14
Let g(q) = -q**2 - 62*q - 440. Let a be g(-9). What is the greatest common factor of a and 2627?
37
Let r = -130 - -145. Let d = -702 - -837. Calculate the greatest common factor of r and d.
15
Suppose 0 = -7*v - 1100 - 4178. Let s = -514 - v. Calculate the greatest common factor of 336 and s.
48
Suppose 2*z + 0*z - 6 = 0. Suppose 810 = -z*p + 5*p. Suppose 9*g + 90 = -9*g + 20*g. What is the highest common factor of g and p?
45
Suppose 121*n - 5063 = -5*k + 122*n, -2*k + n + 2027 = 0. What is the greatest common factor of 24 and k?
4
Let z be 106/((-14)/(-12) - 46/69). Suppose z = -4*g + 2676. Calculate the greatest common divisor of g and 11.
11
Suppose -3*o = o + w - 8, -2 = -o - 3*w. Suppose -2*n = -0*n - o. Let q be 27 + -16*(-559)/(-344). What is the highest common factor of n and q?
1
Let l(n) = 3*n**3 - 35*n**2 - 10*n - 23. Let u be l(12). Let b be (56576/1040)/(u + 6/(-10)). What is the greatest common factor of 24 and b?
8
Suppose -3*t + 0*t - 14 = 4*v, -2*v + 5*t = -6. Let l be v/(-10) + -6 + 389/5. What is the highest common factor of l and 72?
72
Suppose 0 = l - 44 - 68. Let f = l - 89. Let q be (113 + 2)*8/10. Calculate the highest common factor of f and q.
23
Suppose -5*t = -3*y - 70, -10*t = -6*t + 4*y - 88. Suppose 190 = -t*n + 20*n - 2*r, 2*n = 3*r + 135. Calculate the highest common divisor of 12 and n.
12
Let a be 1